{"id":395,"date":"2013-12-25T18:07:13","date_gmt":"2013-12-25T17:07:13","guid":{"rendered":"http:\/\/schraeglagen-training.de\/2.0\/?page_id=395"},"modified":"2024-09-03T12:40:39","modified_gmt":"2024-09-03T10:40:39","slug":"ablauf-des-intensiv-trainings","status":"publish","type":"page","link":"https:\/\/schraeglagen-training.de\/2.0\/training\/ablauf-des-intensiv-trainings\/","title":{"rendered":"Ablauf des Intensiv-Trainings"},"content":{"rendered":"<h1><strong>Ablauf des Intensiv-Trainings\u00a0 auf der Strasse<\/strong><\/h1>\n<p><strong><span style=\"color: #ff0000;\">Exklusiv f\u00fcr 1-2 Personen <\/span><\/strong>ist unser Intensivtraining gedacht, bei dem Ihr und <strong>euer Motorrad bei einer Landstra\u00dfenfahrt\u00a0<\/strong>von Reinhard oder Michael zwei bis drei Stunden &#8222;an die Hand&#8220; genommen werdet. Ziel ist es, sicherer auf dem Motorrad unterwegs zu sein, das Anbremsen, Kurvenfahren, die Linienf\u00fchrung sowie das Herausbeschleunigen zu verbessern.<\/p>\n<p>Technische Tipps &#8211; auch zur Maschine &#8211; sind dabei genauso inklusive wie eine <span style=\"color: #000000;\"><strong>ausf\u00fchrliche Videoanalyse und die anschlie\u00dfende Mitnahme des Datentr\u00e4gers<\/strong><\/span>\u00a0mit Eurer Fahrt.<br \/>\nDas Training l\u00e4sst sich nach Euren W\u00fcnschen individuell gestalten.<\/p>\n<p>In allen Bereichen ist man auf \u00f6ffentlichen Stra\u00dfen immer mit erh\u00f6hter Gefahr unterwegs, wenn man sich steigern will. Bei unserem Intensivtraining geht es darum, einfach Spa\u00df zu haben und das Motorradfahren stressfrei zu genie\u00dfen. Und zwar jeder nach seinen F\u00e4higkeiten! Dabei spiel es keine Rolle, ob Ihr <b>(Fahr-) Anf\u00e4nger oder ge\u00fcbte Fahrer<\/b> seid. Bei uns kommt jeder auf seine Kosten!<br \/>\nZu erw\u00e4hnen ist aber, dass es bei dem Training <strong>nicht<\/strong> um die Erzielung von H\u00f6chstgeschwindigkeit geht. Preis: 270 Euro als Einzeltraining, 370 Euro f\u00fcr zwei Personen. Beide Fahrer sollten dann aber in etwa auf einem fahrerischen Niveau sein.<\/p>\n<p>Die Termine bitte unter den angegebenen Kontaktdaten per Mail oder telefonisch vereinbaren.<br \/>\n-&gt; <a title=\"Anmeldung\" href=\"http:\/\/schraeglagen-training.de\/2.0\/anmeldung\/\"><strong>Hier geht es zur Anmeldung<\/strong><\/a><\/p>\n","protected":false},"excerpt":{"rendered":"<p>Ablauf des Intensiv-Trainings\u00a0 auf der Strasse Exklusiv f\u00fcr 1-2 Personen ist unser Intensivtraining gedacht, bei dem Ihr und euer Motorrad bei einer Landstra\u00dfenfahrt\u00a0von Reinhard oder Michael zwei bis drei Stunden &#8222;an die Hand&#8220; genommen werdet. Ziel ist es, sicherer auf dem Motorrad unterwegs zu sein, das Anbremsen, Kurvenfahren, die Linienf\u00fchrung &#8230;<\/p>\n","protected":false},"author":1,"featured_media":0,"parent":11,"menu_order":3,"comment_status":"closed","ping_status":"closed","template":"","meta":{"footnotes":""},"class_list":["post-395","page","type-page","status-publish","hentry","column","onecol"],"_links":{"self":[{"href":"https:\/\/schraeglagen-training.de\/2.0\/wp-json\/wp\/v2\/pages\/395","targetHints":{"allow":["GET"]}}],"collection":[{"href":"https:\/\/schraeglagen-training.de\/2.0\/wp-json\/wp\/v2\/pages"}],"about":[{"href":"https:\/\/schraeglagen-training.de\/2.0\/wp-json\/wp\/v2\/types\/page"}],"author":[{"embeddable":true,"href":"https:\/\/schraeglagen-training.de\/2.0\/wp-json\/wp\/v2\/users\/1"}],"replies":[{"embeddable":true,"href":"https:\/\/schraeglagen-training.de\/2.0\/wp-json\/wp\/v2\/comments?post=395"}],"version-history":[{"count":7,"href":"https:\/\/schraeglagen-training.de\/2.0\/wp-json\/wp\/v2\/pages\/395\/revisions"}],"predecessor-version":[{"id":2877,"href":"https:\/\/schraeglagen-training.de\/2.0\/wp-json\/wp\/v2\/pages\/395\/revisions\/2877"}],"up":[{"embeddable":true,"href":"https:\/\/schraeglagen-training.de\/2.0\/wp-json\/wp\/v2\/pages\/11"}],"wp:attachment":[{"href":"https:\/\/schraeglagen-training.de\/2.0\/wp-json\/wp\/v2\/media?parent=395"}],"curies":[{"name":"wp","href":"https:\/\/api.w.org\/{rel}","templated":true}]}}