{"id":42,"date":"2013-12-01T18:44:14","date_gmt":"2013-12-01T17:44:14","guid":{"rendered":"http:\/\/schraeglagen-training.de\/2.0\/?page_id=42"},"modified":"2025-10-25T14:37:07","modified_gmt":"2025-10-25T12:37:07","slug":"agb","status":"publish","type":"page","link":"https:\/\/schraeglagen-training.de\/2.0\/anmeldung\/agb\/","title":{"rendered":"AGB"},"content":{"rendered":"<p><a title=\"AGB als PDF laden\" href=\"http:\/\/www.schraeglagen-training.de\/anmeldungdocs\/AGB_2017.pdf\" target=\"_blank\" rel=\"noopener\"><img loading=\"lazy\" decoding=\"async\" class=\"alignleft size-full wp-image-110\" src=\"http:\/\/schraeglagen-training.de\/2.0\/wp-content\/uploads\/2013\/12\/pdf.gif\" alt=\"PDF\" width=\"50\" height=\"50\" \/><\/a>Das Einverst\u00e4ndnis mit den nachstehenden <strong>Allgemeinen Gesch\u00e4ftsbedingungen<\/strong> ist Voraussetzung f\u00fcr die Teilnahme am Training.<br \/>Sie k\u00f6nnen als .pdf-Datei <a title=\"AGB\" href=\"https:\/\/schraeglagen-training.de\/2.0\/wp-content\/uploads\/2025\/10\/AGB_SLT_2025-2.pdf\" target=\"_blank\" rel=\"noopener\">hier<\/a> heruntergeladen werden.<\/p>\n<p><strong>Allgemeine Gesch\u00e4ftsbedingungen (AGB) und Haftungsverzicht der Schmitz-R\u00f6der GbR <\/strong><\/p>\n<p>Stand: 24.10.2025<\/p>\n<p>Vorbemerkung:<\/p>\n<p>Die AGB gelten f\u00fcr alle Trainingsangebote der Schmitz-R\u00f6der GbR, es denn, es wird gesondert nur auf eine Trainingsart Bezug genommen.<\/p>\n<p>1. Anmeldung zum Training<\/p>\n<p>Die Anmeldung zum Training ist schriftlich per Online-Formular oder per pdf-Formular als Email-Anhang durchzuf\u00fchren. Eine (fern-) m\u00fcndliche Anmeldung ist nicht m\u00f6glich. Bei Teilnehmern unter 18 Jahren ist die Einverst\u00e4ndniserkl\u00e4rung der\/des Erziehungsberichten beizuf\u00fcgen. Mit der schriftlichen Anmeldung erkl\u00e4rt der Teilnehmer\/die Teilnehmerin, dass der Haftungsausschluss sowie unsere AGB akzeptiert werden,<\/p>\n<p>Nach Best\u00e4tigung der Nennung zu einer Veranstaltung wird die Teilnahmegeb\u00fchr sofort oder gem\u00e4\u00df Best\u00e4tigungsschreiben f\u00e4llig.<\/p>\n<p>F\u00fcr das Schr\u00e4glagentraining gilt eine Mindestteilnehmerzahl von 5 Personen, f\u00fcr das Kombi-Training von insg. 8 Personen. Sollte diese Mindestteilnehmerzahl nicht erreicht werden, kann der Veranstalter das Training absagen. Dasselbe gilt f\u00fcr den Fall, dass der Vermieter des Trainingsplatzes die Trainingsfl\u00e4che aus irgendeinem Grund nicht zur Verf\u00fcgung stellt. In diesem Fall wird ein Ersatztermin benannt oder es wird die Teilnahmegeb\u00fchr zur\u00fcckerstattet. Weitere Erstattungen (Hotel-, Anreisekosten etc.) sind ausgeschlossen.<\/p>\n<ol start=\"2\">\n<li>Ablauf des Schr\u00e4glagen-Trainings (Ablauf des Kombi-Trainings analog, da mit zwei Gruppen im Wechsel gefahren wird; n\u00e4heres gem\u00e4\u00df individueller Best\u00e4tigung)<\/li>\n<\/ol>\n<p>Das Schr\u00e4glagen-Training beginnt p\u00fcnktlich um 10.00 Uhr an dem in der Anmeldebest\u00e4tigung angegebenen Ort. Das Training kann \u2013 insb. bei hei\u00dfem Wetter \u2013 fr\u00fcher angesetzt werden. Sollte dies der Fall sein, teilt dies der Veranstalter den Trainingsteilnehmern zuvor mit.<\/p>\n<p>Die Teilnahme am Training setzt voraus, dass der Teilnehmer eine ausreichende Schutzkleidung tr\u00e4gt. Diese muss mindestens bestehen aus:<\/p>\n<ul>\n<li>einem f\u00fcr den Stra\u00dfenverkehr zugelassenen und unbesch\u00e4digten Schutzhelm,<\/li>\n<li>Motorrad-Lederbekleidung (m\u00f6glichst mit Protektoren) oder Textilbekleidung<\/li>\n<li>Motorrad-Schutzhandschuhen,<\/li>\n<li>Motorradstiefeln,<\/li>\n<li>R\u00fcckenprotektor.<\/li>\n<\/ul>\n<p>Die Teilnehmer, die sich beim Schr\u00e4glagen- oder Kombitraining im \u201eHanging-off-Fahrstil\u201c \u00fcben m\u00f6chten, sollten m\u00f6glichst Kleidung tragen, an denen Knieschleifer befestigt sind oder befestigt werden k\u00f6nnen. Das Mitbringen von Knieschleifern ist allerdings nicht Voraussetzung zur Teilnahme am Training.<\/p>\n<p>Nach einer theoretischen Einweisung erh\u00e4lt jeder Teilnehmer beim Schr\u00e4glagen- und Kombitraining die Gelegenheit, bis ca. 17.00 Uhr des jeweiligen Veranstaltungstages im Wechsel mit den anderen Teilnehmern das zur Verf\u00fcgung gestellte Motorrad f\u00fcr Geschicklichkeitsfahrten zu nutzen. Es geht nicht um die Erzielung von H\u00f6chstgeschwindigkeit. Kosten f\u00fcr Treibstoff sowie sonstige Betriebsstoffe des Motorrades sind in der Teilnehmergeb\u00fchr enthalten. Die Benutzung erfolgt auf eigene Gefahr. Insbesondere wird keine Haftung f\u00fcr Sch\u00e4den an der Kleidung\/der Ausr\u00fcstung des Teilnehmers \u00fcbernommen.<\/p>\n<p>In der Zeit zwischen ca. 12.00 und 13.00 Uhr ist beim Kombi- und Schr\u00e4glagentraining Mittagspause. In der Teilnahmegeb\u00fchr sind eine einfache Mahlzeit sowie Getr\u00e4nke (Mineralwasser, Schorle) ohne Begrenzung enthalten. Aufgrund der k\u00f6rperlichen Anstrengungen, die durch die Teilnahme am Training entstehen k\u00f6nnen, wird empfohlen, bei weiterer Anfahrt nicht am selben Abend zur\u00fcckzureisen, insbesondere nicht mit dem Motorrad. Etwaige \u00dcbernachtungskosten tr\u00e4gt der Teilnehmer selbst.<\/p>\n<p>Bei schlechtem Wetter (Regen) findet das Training grunds\u00e4tzlich statt. Sollte aufgrund extremer Witterungsbedingungen (Unwetter, Sturm, Hagel), die ein Fahren unm\u00f6glich macht, das Training nicht stattfinden k\u00f6nnen, werden jedem Teilnehmer zwei Ersatztermine benannt oder die Anmeldegeb\u00fchr zur\u00fcck erstattet. Zus\u00e4tzliche Anreisekosten und sonstige Auslagen werden nicht erstattet.<\/p>\n<p>Durch m\u00f6glichen Eigenbedarf des Streckenbetreibers an der Fl\u00e4che kann zu einer kurzfristigen Absage des Trainings kommen. Wir informieren so rechtzeitig wie m\u00f6glich, insbesondere, um eine Anreise in diesem Fall zu vermeiden. Es gelten im \u00dcbrigen die Ausf\u00fchrungen einer Absage wegen schlechten Wetters.<\/p>\n<p>Der Veranstalter stellt f\u00fcr das Schr\u00e4glagen- und Kombitraining ein spezielles Motorrad zur Verf\u00fcgung. Der Teilnehmer verpflichtet sich, das Fahrzeug pfleglich zu behandeln und es ausschlie\u00dflich f\u00fcr den mit dem Training vorgesehenen Zweck zu verwenden. Das Trainings-Motorrad darf nur nach Anweisung des Trainers in Betrieb genommen werden. Den Anweisungen des Trainers ist in jedem Fall unbedingt Folge zu leisten. Der Teilnehmer erkl\u00e4rt mit der Anmeldung, dass er nach seiner Einsch\u00e4tzung den Anforderungen, die durch das Training an ihn gestellt werden, k\u00f6rperlich\/gesundheitlich gewachsen ist und insbesondere in der Lage ist, ein Motorrad sicher zu bewegen. Jeder Teilnehmer ist f\u00fcr seine Fahrweise selbst verantwortlich. \u00c4nderungen des Trainingsablaufs bleiben vorbehalten.<\/p>\n<ol start=\"3\">\n<li>Haftungsverzicht<\/li>\n<\/ol>\n<p>a) Haftungsverzicht Schr\u00e4glagen-Training und Kombi-Training:<\/p>\n<p>Die Veranstaltungsteilnehmer (Fahrer, Begleitperson) nehmen auf eigene Gefahr an der Veranstaltung teil. Sie tragen die alleinige zivil- und strafrechtliche Verantwortung f\u00fcr alle von ihnen oder dem von ihnen benutzten Fahrzeug verursachten Sch\u00e4den. Die Veranstaltungsteilnehmer erkl\u00e4ren mit Abgabe der Nennung den Verzicht auf Anspr\u00fcche jeder Art f\u00fcr Sch\u00e4den, die im Zusammenhang mit der Veranstaltung entstehen, und zwar gegen den Veranstalter, den Streckenbetreiber, deren Beauftragte, Helfer, weitere Teilnehmer sowie sonstige Personen, die mit der Veranstaltung in Verbindung stehen, soweit der Schaden nicht auf Vorsatz oder grober Fahrl\u00e4ssigkeit beruht. Der Verzicht erstreckt sich auch auf etwaige Anspr\u00fcche von dem Teilnehmer oder Dritten gegen\u00fcber unterhaltsberechtigter oder \u2013verpflichteter Personen. Diese Vereinbarung wird mit Abgabe der Nennung beim Veranstalter allen Beteiligten gegen\u00fcber wirksam.<\/p>\n<p>b) Haftungsverzicht Intensivtraining:<\/p>\n<p>Die Ausfahrt findet auf eigenes Risiko auf dem eigenen\/mitgebrachten Motorrad statt. Der Teilnehmer ist selbst f\u00fcr sein Verhalten im Stra\u00dfenverkehr und insb. die Einhaltung der StVO verantwortlich.<\/p>\n<p>c) Haftungsausschluss Fahrertraining Metz:<\/p>\n<p>Der Veranstalter \u00fcbernimmt gegen\u00fcber den Teilnehmern (Fahrer, Beifahrer, Begleiter, Kfz-Eigent\u00fcmer, -Halter, Helfer) keinerlei Haftung f\u00fcr Personen-, Sach- und Verm\u00f6genssch\u00e4den. Die Teilnehmer nehmen auf eigene Gefahr an der Veranstaltung teil. Sie tragen die alleinige zivil- und strafrechtliche Verantwortung f\u00fcr alle von ihnen oder dem von ihnen benutzten Fahrzeug verursachten Sch\u00e4den.<\/p>\n<p>Sollte ein Teilnehmer zu der Veranstaltung Familienangeh\u00f6rige oder G\u00e4ste mitbringen, so stellt er hiermit den Veranstalter von allen etwaigen Schadensersatzanspr\u00fcchen der genannten Personen unwiderruflich frei. Der Veranstalter wird von den Teilnehmern von der Verkehrssicherungspflicht in Zusammenhang mit der Veranstaltung hiermit unwiderruflich entbunden. Es ist also nicht Aufgabe des Veranstalters, s\u00e4mtliche Sicherungsma\u00dfnahmen f\u00fcr die Teilnehmer bzw. deren Begleiter zu ergreifen. Es ist vielmehr Aufgabe eines jeden Teilnehmers, Ma\u00dfnahmen zur Verkehrssicherung bez\u00fcglich seiner Person, seiner Begleiter und des von ihm verwendeten Fahrzeuges selbst zu treffen.<\/p>\n<p>Etwaige vom Veranstalter vorgesehene Sicherungsma\u00dfnahmen (z.B. Einsatz von Streckenposten oder Anbringung von Absperrungen) entpflichten den Teilnehmer nicht, eigene und gegebenenfalls auch dar\u00fcber hinausgehende Verkehrssicherungsma\u00dfnahmen zu treffen. Es gilt also das Prinzip der umfassenden Eigenverantwortlichkeit.<\/p>\n<p>Die Teilnehmer verzichten durch die Abgabe der Nennung f\u00fcr sich und die ihnen gegen\u00fcber unterhaltspflichtigen und unterhaltsberechtigten Personen f\u00fcr jeden im Zusammenhang mit der Veranstaltung erlittenen Schaden auf jedes Recht des Vorgehens oder R\u00fcckgriffs gegen den Veranstalter, dessen Gesch\u00e4ftsf\u00fchrer, Mitglieder und gegen andere Personen, die mit der Organisation bzw. Betreuung der Veranstaltung in Verbindung stehen.<\/p>\n<ol start=\"4\">\n<li>Selbstbeteiligung<\/li>\n<\/ol>\n<p>Der Teilnehmer erkl\u00e4rt sich mit der Anmeldung f\u00fcr das Schr\u00e4glagen- oder Kombitraining damit einverstanden, bis zu einem Betrag von 2.500 Euro von ihm verursachte Sch\u00e4den an Trainingsger\u00e4t (Motorrad, Zubeh\u00f6r, Anbauteile, sonstige Trainingsausstattung) zu ersetzen.<\/p>\n<ol start=\"5\">\n<li>Stornierung<\/li>\n<\/ol>\n<p>I. Stornierung Schr\u00e4glagen-Training und Kombi-Training<\/p>\n<p>Die Stornierung einer Veranstaltung ist <strong>schriftlich <\/strong>per E-Mail \/ schriftlich\u00a0 per Brief (mail@schraeglagen-training.de) an das Team schraeglagen-training (Schmitz-R\u00f6der GbR) zu richten.<\/p>\n<p>Im Falle einer Stornierung gilt folgendes:<\/p>\n<p>a) Bis 14 Tage nach schriftlicher Best\u00e4tigung der Teilnahme durch das Team schraeglagen-training: kostenlos<\/p>\n<p>b) Bis 14 Tage vor der Veranstaltung: 15 % der Trainingsgeb\u00fchr werden f\u00e4llig<\/p>\n<p>c) Weniger als 14 Kalendertage vor Trainingsbeginn: 100 % der Trainingsgeb\u00fchr werden f\u00e4llig<\/p>\n<p>Der stornierende Teilnehmer kann einen Ersatzfahrer benennen, der sich verbindlich anzumelden hat. In diesem Fall ist die Stornierung f\u00fcr den stornierenden Teilnehmer auch innerhalb der oben unter 5 b) und c) genannten Frist kostenlos.<\/p>\n<p>II. Stornierung des Fahrertrainings in Chambley \/ Metz<\/p>\n<p>Die Stornierung einer gebuchten Veranstaltung ist in jedem Fall schriftlich oder per E-Mail \/ per Brief an das Team schraeglagen-training (Schmitz-R\u00f6der GbR) \u00a0(mail@schraeglagen-training.de), zu richten.<\/p>\n<p>Bei Stornierung einer Veranstaltung durch den Teilnehmer fallen folgende Kosten an:<\/p>\n<p>a) Bis 14 Tage nach schriftlicher Best\u00e4tigung der Teilnahme durch das Team schraeglagen-training: kostenlos<\/p>\n<p>b) Bis 60 Tage vor der Veranstaltung: 50 Prozent der Trainingsgeb\u00fchr werden f\u00e4llig<\/p>\n<p>c) 59 bis 30 Tage vor der Veranstaltung: 75 Prozent der Teilnahmegeb\u00fchr werden f\u00e4llig<\/p>\n<p>d) Ab 29 Tage vor der Veranstaltung: 100 Prozent der Teilnahmegeb\u00fchr werden f\u00e4llig<\/p>\n<p>Der stornierende Teilnehmer kann einen Ersatzfahrer benennen, der sich verbindlich anzumelden hat. Der Ersatzteilnehmer hat keinen Anspruch, in einer anderen als der durch den stornierenden Teilnehmer urspr\u00fcnglich gebuchten Gruppe teilzunehmen. Sollte die urspr\u00fcnglich gebuchte Gruppe f\u00fcr den Ersatzteilnehmer vom fahrerischen K\u00f6nnen her nicht passen, besteht kein Anspruch auf Ersatz der Teilnahmegeb\u00fchr gegen\u00fcber dem Team schraeglagen-training. Die Beurteilung des ausreichenden fahrerischen K\u00f6nnens obliegt dem Veranstalter bzw. seiner Gehilfen..<\/p>\n<p>Die Stornokosten beziehen sich grunds\u00e4tzlich auf den entrichteten Teilnahmebeitrag f\u00fcr die gebuchte Veranstaltung.<\/p>\n<p>Die Erstattung des um die Stornokosten gek\u00fcrzten Betrages erfolgt grunds\u00e4tzlich per R\u00fcck\u00fcberweisung auf ein vom stornierenden Kunden zu benennendes Bankkonto, es sei denn, der Kunde erkl\u00e4rt sich ausdr\u00fccklich mit einer Erstattung per Gutschrift\/Gutschein einverstanden.<\/p>\n<ol start=\"6\">\n<li>Ausschluss von der Veranstaltung<\/li>\n<\/ol>\n<p>Bei Fehleinsch\u00e4tzungen der Teilnehmer hinsichtlich der F\u00e4higkeit zur Beherrschung des Motorrades ist der Veranstalter berechtigt, den Teilnehmer vom Training auszuschlie\u00dfen. Die Teilnahmegeb\u00fchr wird in diesem Fall nicht zur\u00fcck erstattet. Auslagen werden nicht \u00fcbernommen.<\/p>\n<p>Der Veranstalter ist berechtigt, Teilnehmer, die durch ihr Verhalten andere gef\u00e4hrden bzw. gef\u00e4hrden k\u00f6nnten oder den Anweisungen des Veranstalterpersonals wiederholt nicht Folge leisten ohne R\u00fcckerstattung der Trainingsgeb\u00fchr oder von Auslagen vom Training auszuschlie\u00dfen.<\/p>\n<ol start=\"7\">\n<li>Bild- und Tonaufnahmen<\/li>\n<\/ol>\n<p>Die Teilnehmer sind einverstanden, dass die Schmitz-R\u00f6der GbR Bild- und Tonaufnahmen der Veranstaltung f\u00fcr eigene Werbezwecke fertigt und ver\u00f6ffentlicht. Sollte der Teilnehmer damit nicht einverstanden sein, erkl\u00e4rt er dies rechtzeitig vor Beginn der Veranstaltung.<\/p>\n<ol start=\"8\">\n<li>Gerichtsstand<\/li>\n<\/ol>\n<p>Erf\u00fcllungsort und Gerichtsstand ist der Sitz der Schmitz-R\u00f6der GbR.<\/p>\n\n\n<p><\/p>\n","protected":false},"excerpt":{"rendered":"<p>Das Einverst\u00e4ndnis mit den nachstehenden Allgemeinen Gesch\u00e4ftsbedingungen ist Voraussetzung f\u00fcr die Teilnahme am Training.Sie k\u00f6nnen als .pdf-Datei hier heruntergeladen werden. Allgemeine Gesch\u00e4ftsbedingungen (AGB) und Haftungsverzicht der Schmitz-R\u00f6der GbR Stand: 24.10.2025 Vorbemerkung: Die AGB gelten f\u00fcr alle Trainingsangebote der Schmitz-R\u00f6der GbR, es denn, es wird gesondert nur auf eine Trainingsart Bezug &#8230;<\/p>\n","protected":false},"author":1,"featured_media":0,"parent":70,"menu_order":0,"comment_status":"closed","ping_status":"closed","template":"","meta":{"footnotes":""},"class_list":["post-42","page","type-page","status-publish","hentry","column","onecol"],"_links":{"self":[{"href":"https:\/\/schraeglagen-training.de\/2.0\/wp-json\/wp\/v2\/pages\/42","targetHints":{"allow":["GET"]}}],"collection":[{"href":"https:\/\/schraeglagen-training.de\/2.0\/wp-json\/wp\/v2\/pages"}],"about":[{"href":"https:\/\/schraeglagen-training.de\/2.0\/wp-json\/wp\/v2\/types\/page"}],"author":[{"embeddable":true,"href":"https:\/\/schraeglagen-training.de\/2.0\/wp-json\/wp\/v2\/users\/1"}],"replies":[{"embeddable":true,"href":"https:\/\/schraeglagen-training.de\/2.0\/wp-json\/wp\/v2\/comments?post=42"}],"version-history":[{"count":24,"href":"https:\/\/schraeglagen-training.de\/2.0\/wp-json\/wp\/v2\/pages\/42\/revisions"}],"predecessor-version":[{"id":3095,"href":"https:\/\/schraeglagen-training.de\/2.0\/wp-json\/wp\/v2\/pages\/42\/revisions\/3095"}],"up":[{"embeddable":true,"href":"https:\/\/schraeglagen-training.de\/2.0\/wp-json\/wp\/v2\/pages\/70"}],"wp:attachment":[{"href":"https:\/\/schraeglagen-training.de\/2.0\/wp-json\/wp\/v2\/media?parent=42"}],"curies":[{"name":"wp","href":"https:\/\/api.w.org\/{rel}","templated":true}]}}